, 10 = 2*n - x - 0. Let q be n - (1 - 3/(-3)). Let z(l) = -6*l - 1. Determine z(q).
-7
Let s(t) be the second derivative of -3*t + 0 + 1/12*t**4 - 5/6*t**3 + 2*t**2. Let p be 6/(-9)*(-18)/4. Determine s(p).
-2
Let t(b) be the third derivative of b**4/12 + b**3/6 - b**2. Let c be ((-9)/6)/((-9)/(-12)). Let k be c/(-2 + (-4)/(-1)). Give t(k).
-1
Let k(l) be the third derivative of -l**4/24 - 16*l**2. Give k(-4).
4
Let h be -1 + (4 - 1)/3. Let x(w) be the third derivative of -w**6/120 + w**4/24 - w**3 + 2*w**2. Determine x(h).
-6
Let v(g) = -5*g - 1. Let x(z) = z**2 + 3*z - 2. Let a be x(-4). Give v(a).
-11
Let b(z) be the second derivative of -z**6/360 + z**5/20 - z**4/4 + z**3/3 + 2*z. Let k(u) be the second derivative of b(u). Let p = -7 - -12. What is k(p)?
-1
Let c(d) be the first derivative of d**2 - 3*d - 4. Determine c(3).
3
Let h(u) = 4*u + 2. Let v(a) = a. Let m(c) = -h(c) + 5*v(c). Calculate m(5).
3
Let y be -3 + 35/15 - (-4)/(-12). Let s(l) = -6*l**2 - 2*l - 1. Give s(y).
-5
Let c(f) be the third derivative of -f**4/24 + 5*f**3/6 - 9*f**2. Calculate c(7).
-2
Suppose 0 = -5*l + 11 - 1. Let d be ((-1)/(-2))/(l/28). Let y = 5 - d. Let r(i) = -i**3 - 2*i**2 + i. Determine r(y).
-2
Let v be (-196)/(-16) + 1/(-4). Suppose 4*h - v = 0, 3*h + 1 = -z - 1. Let d = -15 - z. Let g(b) = -b**2 - 3*b - 2. Give g(d).
-6
Let k(m) = 4*m**3 + 10*m**2 + m - 2. Let z = -11 + 23. Let a = 17 - z. Let f(h) = -h**3 - h**2 - 1. Let s(q) = a*f(q) + k(q). What is s(5)?
-2
Let h(r) be the second derivative of r**4/12 - r**3/3 + r**2/2 + 4*r. Let g(o) be the first derivative of h(o). What is g(2)?
2
Let v(b) = 89*b**2 + 1 - 46*b**2 + 5*b - 41*b**2. Determine v(-4).
13
Let x(d) = 4*d**2 + 3*d + 2. Let b = 171 + -173. What is x(b)?
12
Let l(v) = v**2 + 6*v - 5. Suppose w + w + 4*j = -14, -5*j + 35 = -5*w. Give l(w).
2
Suppose 2*f - 5 = 3. Let g(w) = -4*w**2 + 2*w - 6. Let h(t) = -7*t**2 + 5*t - 12. Let y(l) = -5*g(l) + 3*h(l). Calculate y(f).
-2
Let k(p) = p**2 + 7*p + 9. Let b be k(-6). Suppose 2*q = -2*q. Let l(j) = j + j + 3 - 1 + q. Calculate l(b).
8
Let z(k) = 2*k**3 - k**2 + 6*k - 6. Let i(d) = 3*d**3 - 3*d**2 + 11*d - 12. Let a(r) = 3*i(r) - 5*z(r). Give a(-5).
4
Let o(i) = -i**3 - 7*i**2 - 7*i - 3. Let s be o(-6). Let m(c) = -c - c + 5*c - 4. Determine m(s).
5
Suppose -3*o + 5 + 1 = 0. Let n(h) = 3*h**2 - 4*h + 2. Give n(o).
6
Suppose 0 = -r + 3*r - 8. Let q be -3*2/(-4)*2. Let l(s) = 4*s**2 + 2*s - 2*s**q + 2*s**3 - s**3 - 2. Calculate l(r).
6
Suppose 9 = -3*h + 2*y + 3*y, -5*h - 3*y + 19 = 0. Let s(k) be the third derivative of 0*k + 1/30*k**5 - 1/6*k**3 + 0 - 3*k**2 + 0*k**4. Give s(h).
7
Let m(u) = -3*u**2 + 5*u - 4*u + 5*u**2. Let r = -1 + 3. Calculate m(r).
10
Let p(i) be the second derivative of -i**3/6 - 9*i**2/2 - 3*i. Give p(-7).
-2
Let j be 1/((2/(-8))/(-1)). Let i(q) = 2*q - 37. Let r be i(20). Let z(o) = -4*o**2 + 3*o + r*o - j - o**3 + 1. Give z(-5).
-8
Let o(m) = m**3 + 0 + 2 - 1. Suppose 0*c - 2*c + y + 7 = 0, 3*y = c - 16. Let h(g) = -2*g**3 + 5*g**2 + 2*g - 5. Let j(r) = c*h(r) + o(r). Give j(5).
6
Let b(z) = -16 + 2*z + 9 + 10. Let t be ((-3)/(-6))/(1/(-8)). Determine b(t).
-5
Let a(f) = -2*f - 10. Suppose 7 = 10*v - 11*v. Calculate a(v).
4
Suppose 0 = -4*v - 5*g + 1, -3*g = 4*v - 2*g - 13. Let m(a) be the first derivative of 2*a**3/3 - 3*a**2 + 2*a - 4. Give m(v).
10
Let o(z) = 5*z - 7. Let j(u) = 3*u - 4. Let x(d) = -7*j(d) + 4*o(d). Let r = -1 + 2. Determine x(r).
-1
Let s(g) = -g - 2*g + 1 + 4*g. Calculate s(-6).
-5
Let y be -1 - -3 - (4 - 2). Let d(i) be the first derivative of 2 + 1/2*i**2 + 1/4*i**4 + 2*i + 1/3*i**3. What is d(y)?
2
Let r be (-2)/(-9) - (-10)/(-45). Let h be 6/(2/1 - r). Let i(m) = 2 - m - 4 + h. Give i(-3).
4
Let u = -23 - -28. Let z(n) = 2*n - 6. What is z(u)?
4
Let r(w) = 2*w - 1. Let l(v) = -3*v - 2. Let o be l(-4). Let b be 3 - 5/(o/4). What is r(b)?
1
Let i(p) = 7 + 271*p - 136*p - 136*p. Give i(-9).
16
Let r(x) = -6*x**2 + x**3 + 5*x - x - 2 - 3*x. Determine r(6).
4
Let z(m) = -m**3 - m - 1. Let s(k) = 2*k**3 + 2*k**2 + k. Let p be s(-1). What is z(p)?
1
Let j(m) = m. Let i(o) = -4*o - 7. Let b(d) = i(d) + 3*j(d). Let u be (-2)/(6/9 - 1). Suppose 4*v + 10 + u = 0. What is b(v)?
-3
Let n = -2 + 4. Let j(i) = -7*i**2 + n*i + 2*i**2 + i**2 + 2*i**3 - i**3 + 2. Suppose 2*s - 2 - 4 = 0. Calculate j(s).
-1
Let h(x) = -13*x - 1. Suppose 0 = -3*v - 4*z + 12, -v = -0*v + z - 4. Suppose -l + 5 = 0, -k = -v*k - 2*l + 7. Calculate h(k).
12
Let d be (-24)/(-9)*(-6)/(-4). Let o(a) = -1 + a - 2 + d. Let b(h) = -4*h - 2. Let c(z) = b(z) + 3*o(z). What is c(-1)?
2
Let s(j) = -j**3 + j - 1. Let d be 7/2 + (-7)/14. Suppose m - d = -3*y, 4*y + y - 5 = m. Determine s(m).
-1
Let k(c) = -5*c**2 + 2*c**2 + c**2 + 6*c - 5*c**2. Let x(a) = -6*a**2 + 5*a. Let q(w) = 5*k(w) - 6*x(w). What is q(2)?
4
Let k(i) = 2*i - 8. Let m = -44 + 53. Determine k(m).
10
Let c(d) = -d**3 + 3*d**2 + 6*d - 6. Suppose -3*h + 0*z + 37 = 5*z, 2*z = h + 6. Determine c(h).
2
Suppose -1 = -3*s - 4*w - 20, 0 = -4*s - w - 8. Let o(z) be the second derivative of -7*z**3/6 - z**2/2 - z. Give o(s).
6
Let b(g) be the first derivative of g**4/8 - g**3/6 + g**2/2 - 3. Let s(z) be the second derivative of b(z). What is s(3)?
8
Suppose -3*x = x - 8. Let z(n) = 7*n**2 + 2*n + 7. Let k(q) = 6*q**2 + q + 6. Let c(h) = -6*k(h) + 5*z(h). Calculate c(x).
3
Let b(z) be the first derivative of -2*z - 3 + 1/3*z**3 + 7/2*z**2. Let m(q) be the first derivative of b(q). What is m(-5)?
-3
Let v = 7 + -4. Let f(u) = -u**3 + 3*u**v - u**3. Let d be (-5)/(20/(-8)) + -3. Give f(d).
-1
Let z(i) = -i + 1. Let w(u) = u**2 + 12*u + 12. Let t be w(-11). Suppose 4*r - 10 = -2*q, r - 5 = -t. Calculate z(q).
4
Suppose 3 = -2*w + 7. Let v(s) = 0*s + s + 3 + 0*s - w. Calculate v(3).
4
Let n(m) = -20*m - 7. Let c(o) = -13*o - 5. Let b be 0 - 3 - 5 - -1. Let z(g) = b*c(g) + 5*n(g). Determine z(1).
-9
Let x(z) = z**3 + 6*z**2 + 2*z + 8. Suppose 3*k = f + 6, -k + 18 = -3*f - 0*f. Give x(f).
-4
Let s(r) = 3 - 10*r + 2 + 0 + 0 - r**2. Let y be s(-10). Let z(u) = -u**2 + 5*u - 3. Calculate z(y).
-3
Let p(r) be the second derivative of -r**5/20 + r**4/3 - r**3/3 + 2*r. Determine p(3).
3
Let o = 1 - -2. Suppose o*d + d - 48 = 0. Let u(q) = -1 + 5*q**2 - 3*q**2 + 3*q**2 - 17*q - q**3 + d*q. What is u(4)?
-5
Let f(o) = o. Let v(u) = 2*u + 8. Let b be v(-6). Let x = 11 + 1. Let y be 6/b*x/(-9). Determine f(y).
2
Let a(y) = y**2 - 5*y - 7. Let h(j) = -j**2 - 11*j + 4. Let o be h(-11). Suppose p - 2*m - m - 15 = 0, -o*p - 3*m + 15 = 0. Determine a(p).
-1
Let x(u) = 203*u - 208*u - 4 - u**2 + u**3 - 4*u**2. Give x(6).
2
Let h(p) = 5*p**3 + p**2 - 2*p + 1. Let y be (-1 - (0 + -2))/1. What is h(y)?
5
Let j(v) = 2*v**2 + v + 5. Let r(q) = -q**2 - q - 1. Let u(x) = -j(x) - 3*r(x). Give u(3).
13
Suppose -3*d + 8 = -1. Let n(r) = d + 0*r**2 - 2*r + 5*r + r**2 - 4*r. Determine n(3).
9
Let k(a) = 7*a**2 + a**3 + a + 0*a + 3*a - 7. Determine k(-6).
5
Let h(x) = -14*x + 6. Let g(f) = 5*f - 2. Let o(q) = 8*g(q) + 3*h(q). Suppose -2*u = -3*u - 1. Let m(a) = 2*a**2 + 2*a + 2. Let s be m(u). Determine o(s).
-2
Let b(j) = j**3 + j**2 + 3*j + 2. Let d be (-17)/(-4) - (-2)/(-8). Suppose -5*o + u = d*u + 4, -5*o = -4*u + 18. What is b(o)?
-8
Let b(c) = 9*c - 2. Let i = 33 - 31. Calculate b(i).
16
Let l(u) = 0*u**2 + u**3 + 1 + 2*u**2 - 5*u**2 - 2*u**2 + 3*u. Suppose 0 = 3*p - i - 6, 2*p - 2 + 5 = 3*i. Give l(p).
-8
Let z be (-2)/(((-4)/3)/2). Let o(x) = 2*x - 2. Give o(z).
4
Let i(s) = -5*s - 2 - s**2 + s**3 - 2 + 4*s + 5. Let n(a) = a + 6. Suppose -2*t + 4*v = 24, 18 = -2*t + 5*v - 3*v. Let w be n(t). Calculate i(w).
1
Let q = -28 + 24. Let w(n) = 5*n**2 + n + 15. Let v(g) = -2*g**2 - 7. Let c(j) = q*w(j) - 9*v(j). Let r = -6 + 2. Determine c(r).
-13
Let p(w) be the first derivative of 1/3*w**3 + 0*w**2 - 1/20*w**5 + 0*w + 1/360*w**6 - 1/24*w**4 - 2. Let y(u) be the third derivative of p(u). Determine y(5).
-6
Let j(t) = 411*t - 5*t**3 - 412*t - 5*t**3. Calculate j(1).
-11
Let y(h) = 2*h**3 + 3*h**2 + 8*h + 15. Let b(g) = -g**3 - 2*g**2 - 4*g - 7. Let v(k) = 9*b(k) + 4*y(k). Calculate v(-4).
-19
Suppose 0 = 5*l - 5*f - 10, -15 = -2*f - f. Let j(d) = d**2 - 5*d - 4. Determine j(l).
10
Let w(v) = -v**3 + 2*v**2 - 5*v + 1. Le